{"id":187,"date":"2019-01-29T13:22:02","date_gmt":"2019-01-29T15:22:02","guid":{"rendered":"http:\/\/brazmedchem.org\/2020\/?page_id=187"},"modified":"2019-05-10T11:50:11","modified_gmt":"2019-05-10T14:50:11","slug":"organizing-committee","status":"publish","type":"page","link":"https:\/\/brazmedchem.org\/2020\/organizing-committee\/","title":{"rendered":"Organizing committee"},"content":{"rendered":"<div class=\"wpb-content-wrapper\">[vc_row css=&#8221;.vc_custom_1548876410152{padding-top: 40px !important;}&#8221; local_scroll_id=&#8221;OrganizingCommittee&#8221;][vc_column]<style> style=\"height:30px;\"<\/style><div class=\"vcex-spacing wpex-w-100 wpex-clear\" style=\"height:30px;\"><\/div>[vc_column_text font_size=&#8221;14&#8243; color=&#8221;#8c8c8c&#8221;]\n<h1 style=\"text-align: center;\">Organizing committee<\/h1>\n<p>Carolina Horta Andrade \u2013 Director of the Division of Medicinal Chemistry\/Brazilian Chemical Society; Federal University of Goias, Brazil &#8211; <strong>Chair<\/strong><br \/>\nFlavio da Silva Emery\u2013 School of Pharmaceutical Sciences of Ribeir\u00e3o Preto \u2013 University of S\u00e3o Paulo (FCFRP-USP); <strong>Vice-chair and President of the Scientific Committee<\/strong><br \/>\nAngelo de F\u00e1tima\u2013 Federal University of Minas Gerais (UFMG); <strong>Next Chair<\/strong><br \/>\nBruno Junior Neves &#8211; Centro Universit\u00e1rio de An\u00e1polis (UniEvang\u00e9lica); <strong>President of the Local Committee<\/strong><br \/>\nCarlos Mauricio Sant\u2019Anna \u2013 Federal Rural University of Rio de Janeiro (UFRRJ)<br \/>\nLuis Antonio Soares Romeiro \u2013 University of Bras\u00edlia (UnB)[\/vc_column_text][\/vc_column][\/vc_row][vc_row css=&#8221;.vc_custom_1548876420930{padding-top: 40px !important;}&#8221; local_scroll_id=&#8221;ScientificCommittee&#8221;][vc_column]<style> style=\"height:30px;\"<\/style><div class=\"vcex-spacing wpex-w-100 wpex-clear\" style=\"height:30px;\"><\/div>[vc_column_text font_size=&#8221;14&#8243; color=&#8221;#8c8c8c&#8221;]\n<h1 style=\"text-align: center;\">Scientific Committee<\/h1>\n<p>Arasu Ganesan, University of East Anglia, UK<br \/>\nAdilson Beatriz, Federal University of Mato Grosso do Sul (UFMS), Brazil<br \/>\nAdrian Martin Pohlit, National Institute for Amazon Research (INPA), Brazil<br \/>\nAdriano Andricopulo, S\u00e3o Carlos Institute of Physics, University of S\u00e3o Paulo (IFSC-USP), Brazil<br \/>\nAlessandra Mascarello, ACH\u00c9 Laborat\u00f3rios, Brazil<br \/>\nAlexander Tropsha, University of North Carolina, USA<br \/>\nAlexandre Orsato, Londrina State University (UEL), Brazil<br \/>\nAntonia Tavares do Amaral, University of S\u00e3o Paulo (USP), Brazil<br \/>\nClaudio Viegas Jr., Federal University of Alfenas (UNIFAL), Brazil<br \/>\nCleydson Breno Santos, Federal University of Amapa (UNIFAP), Brazil<br \/>\nElizabeth I. Ferreira, University of S\u00e3o Paulo (USP), Brazil<br \/>\nFabio T.M. Costa, University of Campinas (UNICAMP), Brazil<br \/>\nFlavio da Silva Emery &#8211; School of Pharmaceutical Sciences of Ribeir\u00e3o Preto \u2013 University of S\u00e3o Paulo (FCFRP-USP)<br \/>\nFloriano Paes Silva-Junior, Oswaldo Cruz Institute \u2013Oswaldo Cruz Foundation (IOC-FIOCRUZ), Brazil<br \/>\nGabriela Barreiro, EUROFARMA, , Brazil<br \/>\nGon\u00e7alo Bernardes, University of Cambridge and\u00a0Universidade de Lisboa, Portugal<br \/>\nGunda Georg, University of Minnesota, USA<br \/>\nGustavo H.G. Trossini, University of S\u00e3o Paulo (USP), Brazil<br \/>\nJos\u00e9 Medina-Franco, Universidad Nacional Aut\u00f3noma de M\u00e9xico, Mexico<br \/>\nKatlin Massirer, Structural Genomics Consortium, University of Campinas (SGC-UNICAMP), Brazil<br \/>\nKerly F. M. Pasqualoto, Alchemy, Brazil<br \/>\nLidia Moreira Lima, Federal University of Rio de Janeiro (UFRJ), Brazil<br \/>\nLilian Bernardes, Federal University of Santa Catarina (UFSC), Brazil<br \/>\nMarcelo Santos Castilho, Federal University of Bahia (UFBa), Brazil<br \/>\nMarcus Scotti, Federal University of Para\u00edba (UFPB), Brazil<br \/>\nMaristela Pereira, Federal University of Goias (UFG), Brazil<br \/>\nSean Ekins, Collaborations Pharmaceuticals Inc., USA<br \/>\nSylvie Garneau-Tsodikova, University of Kentucky, USA[\/vc_column_text][\/vc_column][\/vc_row][vc_row css=&#8221;.vc_custom_1548876429064{padding-top: 40px !important;}&#8221; local_scroll_id=&#8221;LocalCommittee&#8221;][vc_column]<style> style=\"height:30px;\"<\/style><div class=\"vcex-spacing wpex-w-100 wpex-clear\" style=\"height:30px;\"><\/div>[vc_column_text font_size=&#8221;14&#8243; color=&#8221;#8c8c8c&#8221;]\n<h1 style=\"text-align: center;\">Local Committee<\/h1>\n<p>Bruno Junior Neves , UniEvang\u00e9lica University Center (UniEvang\u00e9lica), Brazil &#8211; President<br \/>\nGilberto L\u00facio Benedito de Aquino, State University of Goias (UEG), Brazil<br \/>\nHamilton B. Napolitano, State University of Goias (UEG), Brazil<br \/>\nPaulo G. B. Dantas Nascimento, University of Bras\u00edlia (UnB), Brazil<br \/>\nMelina Mottin, Federal University of Goias (UFG), Brazil<br \/>\nVanessa Pasqualotto Severino, Federal University of Goias (UFG), Brazil<br \/>\nOlga Barros, Federal University of Goias (UFG), Brazil<br \/>\nRichele P. Severino, Federal University of Goias \u2013 Catal\u00e3o (UFG), Brazil[\/vc_column_text][\/vc_column][\/vc_row][vc_row css=&#8221;.vc_custom_1548876436663{padding-top: 40px !important;}&#8221; local_scroll_id=&#8221;AcademicCommittee&#8221;][vc_column]<style> style=\"height:30px;\"<\/style><div class=\"vcex-spacing wpex-w-100 wpex-clear\" style=\"height:30px;\"><\/div>[vc_column_text font_size=&#8221;14&#8243; color=&#8221;#8c8c8c&#8221;]\n<h1 style=\"text-align: center;\">Academic Committee<\/h1>\n<p>Bruna Katielle de Paula Sousa, Federal University of Goias (UFG), Brazil<br \/>\nJos\u00e9 Te\u00f3filo Moreira Neto, Federal University of Goias (UFG), Brazil<br \/>\nJoyce Villa Verde Bastos Borba, Federal University of Goias (UFG), Brazil<br \/>\nMelina Mottin, Federal University of Goias (UFG), Brazil<br \/>\nSteven Umuale Silva Hall, Federal University of Goias (UFG), Brazil<br \/>\nSabrina Silva Mendon\u00e7a, Federal University of Goias (UFG), Brazil[\/vc_column_text]<style> style=\"height:30px;\"<\/style><div class=\"vcex-spacing wpex-w-100 wpex-clear\" style=\"height:30px;\"><\/div>[\/vc_column][\/vc_row]\n<\/div>","protected":false},"excerpt":{"rendered":"<p>[vc_row css=&#8221;.vc_custom_1548876410152{padding-top: 40px !important;}&#8221; local_scroll_id=&#8221;OrganizingCommittee&#8221;][vc_column][vc_column_text font_size=&#8221;14&#8243; color=&#8221;#8c8c8c&#8221;] Organizing committee Carolina Horta Andrade \u2013 Director of the Division of Medicinal Chemistry\/Brazilian Chemical Society; Federal University of Goias, Brazil &#8211; Chair Flavio da Silva Emery\u2013 School of Pharmaceutical Sciences of Ribeir\u00e3o Preto \u2013 University of S\u00e3o Paulo (FCFRP-USP); Vice-chair and President of the Scientific Committee Angelo de&hellip;<\/p>\n","protected":false},"author":1,"featured_media":0,"parent":0,"menu_order":0,"comment_status":"closed","ping_status":"closed","template":"","meta":{"footnotes":""},"class_list":["post-187","page","type-page","status-publish","hentry","entry","no-media"],"_links":{"self":[{"href":"https:\/\/brazmedchem.org\/2020\/wp-json\/wp\/v2\/pages\/187","targetHints":{"allow":["GET"]}}],"collection":[{"href":"https:\/\/brazmedchem.org\/2020\/wp-json\/wp\/v2\/pages"}],"about":[{"href":"https:\/\/brazmedchem.org\/2020\/wp-json\/wp\/v2\/types\/page"}],"author":[{"embeddable":true,"href":"https:\/\/brazmedchem.org\/2020\/wp-json\/wp\/v2\/users\/1"}],"replies":[{"embeddable":true,"href":"https:\/\/brazmedchem.org\/2020\/wp-json\/wp\/v2\/comments?post=187"}],"version-history":[{"count":7,"href":"https:\/\/brazmedchem.org\/2020\/wp-json\/wp\/v2\/pages\/187\/revisions"}],"predecessor-version":[{"id":573,"href":"https:\/\/brazmedchem.org\/2020\/wp-json\/wp\/v2\/pages\/187\/revisions\/573"}],"wp:attachment":[{"href":"https:\/\/brazmedchem.org\/2020\/wp-json\/wp\/v2\/media?parent=187"}],"curies":[{"name":"wp","href":"https:\/\/api.w.org\/{rel}","templated":true}]}}