{"id":286,"date":"2020-03-27T11:12:44","date_gmt":"2020-03-27T14:12:44","guid":{"rendered":"https:\/\/brazmedchem.org\/2022\/?page_id=286"},"modified":"2022-09-21T01:05:37","modified_gmt":"2022-09-21T04:05:37","slug":"scientific-program","status":"publish","type":"page","link":"https:\/\/brazmedchem.org\/2022\/scientific-program\/","title":{"rendered":"Scientific Program"},"content":{"rendered":"<div class=\"wpb-content-wrapper\">[vc_row][vc_column][vc_column_text]<b>Sunday, 25th September 2022<\/b><\/p>\n<table cellspacing=\"0\" cellpadding=\"0\">\n<tbody>\n<tr>\n<td valign=\"top\"><b>2:00-6:00 p.m.<\/b><\/td>\n<td valign=\"top\"><b>Conference Registration<\/b><\/td>\n<td valign=\"top\"><b>9:00-12:00 a.m.<\/b><\/td>\n<td valign=\"top\"><b>Short course: Drug Design &#8211; Jean Leandro dos Santos<\/b><br \/>\n<strong><a href=\"https:\/\/brazmedchem.org\/2022\/jean-leandro-dos-santos-phd\/\">Inova\u00e7\u00e3o em f\u00e1rmacos no ambiente acad\u00eamico com foco na otimiza\u00e7\u00e3o molecular<\/a><\/strong><\/td>\n<\/tr>\n<tr>\n<td valign=\"top\"><b>6:00-6:30 p.m.<\/b><\/td>\n<td valign=\"top\">Opening Ceremony<\/td>\n<td valign=\"top\"><b>12:00-2:00 p.m.<\/b><\/td>\n<td valign=\"top\">Lunch<\/td>\n<\/tr>\n<tr>\n<td valign=\"top\"><b>6:30-7:30 p.m.<\/b><\/td>\n<td valign=\"top\">Opening Conference &#8211; <b>Dr. Michael J. Sofia<\/b><br \/>\n<a href=\"https:\/\/brazmedchem.org\/2022\/michael-j-sofia-ph-d\/\"><b><i>\u201cThe Discovery of Antivirals to Cure Chronic Viral Hepatitis\u201d<\/i><\/b><\/a><\/td>\n<td valign=\"top\"><b>2:00-5:00 p.m.<\/b><\/td>\n<td valign=\"top\"><b>Short course: Drug Design &#8211; Jean Leandro dos Santos<br \/>\n<strong><em><a href=\"https:\/\/brazmedchem.org\/2022\/jean-leandro-dos-santos-phd\/\">Inova\u00e7\u00e3o em f\u00e1rmacos no ambiente acad\u00eamico com foco na otimiza\u00e7\u00e3o molecular<\/a><\/em><\/strong><br \/>\n<\/b><\/td>\n<\/tr>\n<tr>\n<td valign=\"top\"><b>7:30-11:30 p.m.<\/b><\/td>\n<td valign=\"top\">Welcome Cocktail<\/td>\n<td valign=\"top\"><\/td>\n<td valign=\"top\"><\/td>\n<\/tr>\n<\/tbody>\n<\/table>\n<p><b>Monday, 26th September 2022<\/b><\/p>\n<table cellspacing=\"0\" cellpadding=\"0\">\n<tbody>\n<tr>\n<td colspan=\"2\" valign=\"top\">\n<p><b>Session 1: Natural Products-based Drug Discovery<\/b><\/p>\n<p><b>Chair: Alexandre Orsato \u2013 Londrina State University, Brazil<\/b><\/td>\n<td colspan=\"2\" valign=\"top\">\n<p><b>Session 2: Computer-aided Drug Design (CADD)<\/b><\/p>\n<p><b>Chair: Marcelo Castilho \u2013 Federal University of Bahia, Brazil<\/b><\/td>\n<\/tr>\n<tr>\n<td valign=\"top\"><b>9:00-9:45 a.m.<\/b><\/td>\n<td valign=\"top\"><b>Scott Smid (University of Adelaide, Australia)<\/b><br \/>\n<a href=\"https:\/\/brazmedchem.org\/2022\/scott-d-smid-phd\/\"><em><b>The Phytochemical Diversity of Cannabis: Exploring this \u2018Potpourri\u2019 of Potential for Development of Cannabinoid-based medicines<\/b><\/em><\/a><\/td>\n<td valign=\"top\"><b>9:00-9:45 a.m.\u00a0<\/b><\/td>\n<td valign=\"top\"><b>Stefano Alcaro (Univ. Magna Gr\u00e6cia of Catanzaro, Italy)<\/b><br \/>\n<a href=\"https:\/\/brazmedchem.org\/2022\/stefano-alcaro-phd\/\"><b>Can <i>in silico<\/i> Medicinal Chemistry help the drug discovery of natural compounds?<\/b><\/a><\/td>\n<\/tr>\n<tr>\n<td valign=\"top\"><b>9:45-10:15 a.m.<\/b><\/td>\n<td valign=\"top\"><b>Lucindo Quintans Jr. (Federal Univ. of Sergipe, Brazil)<\/b><br \/>\n<b><em><a href=\"https:\/\/brazmedchem.org\/2022\/lucindo-jose-quintans-junior-phd\/\"><strong>Can we use terpenes in chronic pain models? How cyclodextrins can help it?<\/strong><\/a><\/em><\/b><\/td>\n<td valign=\"top\"><b>9:45-10:30 a.m.<\/b><\/td>\n<td valign=\"top\"><b>Alan Talevi, PhD \u2013 (University of La Plata, Argentina)<\/b><br \/>\n<em><strong><a href=\"https:\/\/brazmedchem.org\/2022\/alan-talevi-phd\/\">LIDeB Tools: a Latin American resource of freely available, open-source cheminformatics apps to assist drug discovery projects<\/a><\/strong><\/em><\/td>\n<\/tr>\n<tr>\n<td valign=\"top\"><b>10:15-10:45 a.m.<\/b><\/td>\n<td valign=\"top\"><b>Laurent Picot (University of La Rochelle, France)<\/b><br \/>\n<b><a href=\"https:\/\/brazmedchem.org\/2022\/laurent-picot-phd\/\">Plant and algal natural products for tumor and antimicrobial phototherapy: an overview of species, photototoxic molecules and innovations.<\/a><\/b><\/td>\n<td valign=\"top\"><b>10:30-11:00 a.m.<\/b><\/td>\n<td valign=\"top\">Coffee Break<\/td>\n<\/tr>\n<tr>\n<td valign=\"top\"><b>10:45-11:15 a.m.<\/b><\/td>\n<td valign=\"top\">Coffee break<\/td>\n<td valign=\"top\"><b>11:00-11:45 a.m.<\/b><\/td>\n<td valign=\"top\"><b>Hugo Verli (Federal Univ. of Rio Grande do Sul, Brazil)<\/b><br \/>\n<a href=\"https:\/\/brazmedchem.org\/2022\/hugo-verli-phd\/\"><em><b>How molecular flexibility can enhance drug discovery?<\/b><\/em><\/a><\/td>\n<\/tr>\n<tr>\n<td valign=\"top\"><b>11:15-11:45 a.m.<\/b><\/td>\n<td valign=\"top\"><b>Raphael Grougnet (University of Paris Descartes, France)<\/b><br \/>\n<b><em><a href=\"https:\/\/brazmedchem.org\/2022\/raphael-grougnet-phd\/\"><strong>Implementation, development, biological evaluations and SAR of a library of polymethoxyflavones<\/strong><\/a><\/em><\/b><\/td>\n<td valign=\"top\"><b>11:45-12:00 a.m.<\/b><\/td>\n<td valign=\"top\"><a href=\"https:\/\/brazmedchem.org\/2022\/sessions\/#session2\">Flash Presentation: \u201c<b>Maximization of SARS-CoV-2 neutralization by antibodies through Monte Carlo optimization\u201d &#8211; Micael D. L. Oliveira <\/b>(Federal University of Amazonas, Brazil)<\/a><\/td>\n<\/tr>\n<tr>\n<td valign=\"top\"><b>11:45-12:00 a.m.<\/b><\/td>\n<td valign=\"top\"><a href=\"https:\/\/brazmedchem.org\/2022\/sessions\/#session1\">Flash Presentation: \u201c<b>In silico interaction of organic propolis molecules with targets related to oral mucositis\u201d &#8211; Mikaela L. de Souza <\/b>(Federal University of Alfenas, Brazil)<span class=\"Apple-converted-space\">\u00a0<\/span><\/a><\/td>\n<td valign=\"top\"><b>12:00-2:00 p.m.<\/b><\/td>\n<td valign=\"top\">Lunch<\/td>\n<\/tr>\n<tr>\n<td valign=\"top\"><b>12:00-2:00 p.m.<\/b><\/td>\n<td valign=\"top\">Lunch<\/td>\n<td valign=\"top\"><\/td>\n<td valign=\"top\"><\/td>\n<\/tr>\n<tr>\n<td colspan=\"2\" valign=\"top\">\n<p><b>Session 3: MedChem for Drug Addiction<\/b><\/p>\n<p><b>Chair: Gisele C. Goulart \u2013 Federal University of Minas Gerais, Brazil<\/b><\/td>\n<td colspan=\"2\" valign=\"top\">\n<p><b>Session 4: Pre-clinical Development<\/b><\/p>\n<p><b>Chair: Arthur K\u00fcmmerle \u2013 Federal Rural Univ. of Rio de Janeiro, Brazil<\/b><\/td>\n<\/tr>\n<tr>\n<td valign=\"top\"><b>2:00-2:45 p.m.<\/b><\/td>\n<td valign=\"top\"><b>Fabr\u00edcio A. Moreira <\/b><b>(Federal Univ. of Minas Gerais, Brazil)<\/b><br \/>\n<em><a href=\"https:\/\/brazmedchem.org\/2022\/fabricio-a-moreira-phd\/\"><b>MedChem for Drug addiction: Targeting the endocannabinoid system<\/b><\/a><\/em><\/td>\n<td valign=\"top\"><b>2:00-2:45 p.m.<\/b><\/td>\n<td valign=\"top\"><b>Marco Aur\u00e9lio Martins (Fiocruz, Brazil)<\/b><br \/>\n<b><em><a href=\"https:\/\/brazmedchem.org\/2022\/marco-aurelio-martins-phd\/\"><strong>Gold nanoparticles for the treatment of glucocorticoid insensitive asthma: what we have learned so far?<\/strong><\/a><\/em><\/b><\/td>\n<\/tr>\n<tr>\n<td valign=\"top\"><b>2:45-3:30 p.m.<\/b><\/td>\n<td valign=\"top\"><b>Frederico D. Garcia (Federal Univ. of Minas Gerais, Brazil)<\/b><br \/>\n<em><a href=\"https:\/\/brazmedchem.org\/2022\/frederico-garcia-phd\/\"><strong>Preclinical and innovative uses of anticocaine vaccine: the UFMG-V4N2<\/strong><\/a><\/em><\/td>\n<td valign=\"top\"><b>2:45-3:30 p.m.<\/b><\/td>\n<td valign=\"top\"><b>Stefan Laufer (University of T\u00fcbingen, Gemany)<\/b><br \/>\n<b><a href=\"https:\/\/brazmedchem.org\/2022\/stefan-laufer-phd\/\"><em>DISCOVERY AND DEVELOPMENT OF A MKK-4 INHIBITORS TO INCREASE LIVER REGENERATION<\/em><\/a><\/b><\/td>\n<\/tr>\n<tr>\n<td valign=\"top\"><b>3:30-3:45 p.m.<\/b><\/td>\n<td valign=\"top\"><a href=\"https:\/\/brazmedchem.org\/2022\/sessions\/#session3\">Flash Presentation: \u201c<b>Pharmacophore mapping combined with dbCICA reveals new insights on ?4?2 and ?7 nicotinic acetylcholine receptors ligand design<\/b>\u201d &#8211; Nailton M. Nascimento-J\u00fanior, Ph.D. (S\u00e3o Paulo State University, Brazil)<\/a><\/td>\n<td valign=\"top\"><b>3:30-3:45 p.m.<\/b><\/td>\n<td valign=\"top\"><a href=\"https:\/\/brazmedchem.org\/2022\/sessions\/#session4\">Flash Presentation: \u201c<b>Antitrypanosomal Benzoxazinone Series: Hit-to-Lead Campaign and Multiparametric Optimization\u201d &#8211; <\/b>Maria C. Mollo (State University of Campinas, Brazil)<\/a><\/td>\n<\/tr>\n<tr>\n<td valign=\"top\"><b>3:45-4:15 p.m.<\/b><\/td>\n<td valign=\"top\">Coffee Break<\/td>\n<td valign=\"top\"><b>3:45-4:15 p.m.<\/b><\/td>\n<td valign=\"top\">Coffee Break<\/td>\n<\/tr>\n<tr>\n<td colspan=\"2\" valign=\"top\">\n<p><b>Session 5: MedChem for Neglected Diseases<\/b><\/p>\n<p><a href=\"https:\/\/brazmedchem.org\/2022\/elizabeth-i-ferreira-phd\/\"><b>Chair: Elizabeth I. Ferreira \u2013 University of S\u00e3o Paulo, Brazil<\/b><\/a><\/td>\n<td colspan=\"2\" valign=\"top\">\n<p><b>Session 6: MedChem for Neurodegenerative Diseases<\/b><\/p>\n<p><b>Chair: Lorane H. Melim \u2013 Federal University of Amap\u00e1, Brazil<\/b><\/td>\n<\/tr>\n<tr>\n<td valign=\"top\"><b>4:15-5:00 p.m.<\/b><\/td>\n<td valign=\"top\"><b><b>Rafaela Salgado Ferreira<br \/>\n<\/b><\/b><a href=\"https:\/\/brazmedchem.org\/2022\/rafaela-salgado-ferreira-phd\/\"><em><b>Cruzipains as a target for Chagas disease: inhibitor discovery and characterization of subtypes<\/b><\/em><\/a><\/td>\n<td valign=\"top\"><b>4:15-5:00 p.m.<\/b><\/td>\n<td valign=\"top\"><b>Maria Laura Bolognesi (University of Bologna, Italy)<\/b><br \/>\n<a href=\"https:\/\/brazmedchem.org\/2022\/maria-laura-bolognesi-phd\/\"><b><i>Multi-target-directed ligands to combat neurodegenerative diseases \u2014 Past, present and future<\/i><\/b><\/a><\/td>\n<\/tr>\n<tr>\n<td valign=\"top\"><b>5:00-5:45 p.m.<\/b><\/td>\n<td valign=\"top\"><b>Rafael Guido (University of S\u00e3o Paulo, Brazil)<\/b><br \/>\n<strong><em><a href=\"https:\/\/brazmedchem.org\/2022\/rafael-guido-phd\/\">Discovery of Plasmodium falciparum Inhibitors as Lead Candidates for Malaria<\/a><\/em><\/strong><\/td>\n<td valign=\"top\"><b>5:00-5:45 p.m.<\/b><\/td>\n<td valign=\"top\"><b>Andrea Tarozzi (University of Bologna, Italy)<br \/>\n<em><a href=\"https:\/\/brazmedchem.org\/2022\/andrea-tarozzi-phd\/\">Targeting the NLRP3 inflammasome in neurodegenerative diseases<\/a><\/em><br \/>\n<\/b><\/td>\n<\/tr>\n<tr>\n<td valign=\"top\"><b>5:45-6:00 p.m.<\/b><\/td>\n<td valign=\"top\"><a href=\"https:\/\/brazmedchem.org\/2022\/sessions\/#session5\">Flash Presentation: \u201c<b>Cheminformatics-driven identification of new antiplasmodial hits effective against asexual and sexual stages\u201d &#8211; <\/b>Sabrina S. Mendon\u00e7a (Federal University of Goias, Brazil)<\/a><\/td>\n<td valign=\"top\"><b>5:45-6:00 p.m.<\/b><\/td>\n<td valign=\"top\"><a href=\"https:\/\/brazmedchem.org\/2022\/sessions\/#session6\">Flash Presentation: \u201c<b>Triazole grandisin analog prevents memory deficit by antioxidant effects in an Alzheimer\u2019s Disease model\u201d <\/b>&#8211; Erick Y. M. Rodrigues (Federal University of Mato Grosso do Sul, Brazil)<\/a><\/td>\n<\/tr>\n<tr>\n<td valign=\"top\"><b>6:00-8:00 p.m.<\/b><\/td>\n<td valign=\"top\"><b>Poster Session 1<\/b><\/td>\n<td valign=\"top\"><b>6:00-8:00 p.m.<\/b><\/td>\n<td valign=\"top\"><b>Poster Session 1<\/b><\/td>\n<\/tr>\n<\/tbody>\n<\/table>\n<p><b>Tuesday, 27th September 2022<\/b><\/p>\n<table cellspacing=\"0\" cellpadding=\"0\">\n<tbody>\n<tr>\n<td colspan=\"2\" valign=\"top\">\n<p><b>BrazMedChem Awards<\/b><\/p>\n<p><b>Chair: Gustavo Trossini \u2013 President of the Medicinal Chemistry Division \u2013 Brazilian Society of Chemistry<\/b><\/td>\n<td colspan=\"2\" valign=\"top\">\n<p><b>BrazMedChem &#8211; Scientific Activities for the Local Community<\/b><\/p>\n<p><b>Chairs: Aline Guerra &#8211; Federal University of Rio de Janeiro, Brazil<\/b><\/p>\n<p><b>Claudio Viegas Jr. \u2013 Federal University of Alfenas, Brazil<span class=\"Apple-converted-space\">\u00a0<\/span><\/b><\/p>\n<p><b>\u00c2ngelo de F\u00e1tima &#8211; Federal University of Minas Gerais, Brazil<\/b><b><span class=\"Apple-converted-space\">\u00a0<\/span><\/b><\/td>\n<\/tr>\n<tr>\n<td valign=\"top\"><b>9:00-9:30 <\/b><b>a.m.<\/b><\/td>\n<td valign=\"top\">Young BrazMedChem Awards<\/td>\n<td valign=\"top\"><b>9:00-10:00 a.m.<\/b><\/td>\n<td valign=\"top\">Awards&#8217; Ceremony of the BrazMedChem Writing Olympics<span class=\"Apple-converted-space\">\u00a0<\/span><\/td>\n<\/tr>\n<tr>\n<td valign=\"top\"><b>9:30-10:00 <\/b><b>a.m.<\/b><\/td>\n<td valign=\"top\">Vanguard BrazMedChem Awards<\/td>\n<td valign=\"top\"><b>10:00 a.m.- 6 p.m.<\/b><\/td>\n<td valign=\"top\">Scientific Activities for Local Community<\/td>\n<\/tr>\n<tr>\n<td valign=\"top\"><b>10:00-11:00 <\/b><b>a.m.<\/b><\/td>\n<td valign=\"top\">Senior BrazMedChem Awards<\/td>\n<td valign=\"top\"><b>2:00-3:00 p.m.<\/b><\/td>\n<td valign=\"top\">Theatrical Presentation for Local Community<br \/>\n<a href=\"https:\/\/brazmedchem.org\/2022\/ciencia-e-vida\/\"><span style=\"color: #000000;\"><strong>Ci\u00eancia \u00e9 Vida<\/strong><\/span><\/a><br \/>\n<span style=\"color: #ff6600;\">(The presentation will be only in Portuguese)<\/span><\/td>\n<\/tr>\n<tr>\n<td valign=\"top\"><b>11:00-1:00 p<\/b><b>.m.<\/b><\/td>\n<td valign=\"top\">Coffee Break<\/td>\n<td valign=\"top\"><\/td>\n<td valign=\"top\"><\/td>\n<\/tr>\n<tr>\n<td valign=\"top\"><b>1:00-2:00 p.m.<\/b><\/td>\n<td valign=\"top\">Lunch<\/td>\n<td valign=\"top\"><\/td>\n<td valign=\"top\"><\/td>\n<\/tr>\n<tr>\n<td valign=\"top\"><b>2:00-7:00 p.m.<\/b><\/td>\n<td valign=\"top\">Free Time<\/td>\n<td valign=\"top\"><\/td>\n<td valign=\"top\"><\/td>\n<\/tr>\n<tr>\n<td valign=\"top\"><b>7:00-8:00 p.m.<\/b><\/td>\n<td valign=\"top\">Theatrical Presentation for BrazMedChem Community<br \/>\n<a href=\"https:\/\/brazmedchem.org\/2022\/ciencia-e-vida\/\"><span style=\"color: #000000;\"><strong>Ci\u00eancia \u00e9 Vida<\/strong><\/span><\/a><br \/>\n<span style=\"color: #ff6600;\">(The presentation will be only in Portuguese)<\/span><\/td>\n<td valign=\"top\"><\/td>\n<td valign=\"top\"><\/td>\n<\/tr>\n<\/tbody>\n<\/table>\n<p><b>Wednesday, 28th September 2022<\/b><\/p>\n<table cellspacing=\"0\" cellpadding=\"0\">\n<tbody>\n<tr>\n<td colspan=\"4\" valign=\"top\"><b>Gender in Medicinal Chemistry: How to make a successfull carreer in Academy and Industry?<\/b><\/td>\n<\/tr>\n<tr>\n<td valign=\"top\"><b>9:00-9:20 a.m.<\/b><\/td>\n<td colspan=\"3\" valign=\"top\">Speaker 1: <b>Elizabeth Igne Ferreira (University of S\u00e3o Paulo)<\/b><br \/>\n<strong><em><a href=\"https:\/\/brazmedchem.org\/2022\/elizabeth-i-ferreira-phd\/\">Medicinal Chemistry: advances and challenges<\/a><\/em><\/strong><\/td>\n<\/tr>\n<tr>\n<td valign=\"top\"><b>9:20-9:40 a.m.<\/b><\/td>\n<td colspan=\"3\" valign=\"top\">Speaker 2: <b>Maria Em\u00edlia Sousa (University of Porto, Portugal)<\/b><br \/>\n<em><a href=\"https:\/\/brazmedchem.org\/2022\/maria-emilia-sousa-phd-2\/\"><strong>Research, Academia, and Outreach Activities in Portugal: a Personal Experience<\/strong><\/a><\/em><\/td>\n<\/tr>\n<tr>\n<td valign=\"top\"><b>9:40-10:00 a.m.<\/b><\/td>\n<td colspan=\"3\" valign=\"top\">Speaker 3: <b>J\u00falia L. Monteiro\u00a0(EUROFARMA)<\/b><br \/>\n<em><a href=\"https:\/\/brazmedchem.org\/2022\/julia-lammoglia-monteiro-phd\/\"><b>Pre-Clinical Development at Eurofarma: how a Brazilian Pharmaceutical Company is investing in Drug Discovery?<\/b><\/a><\/em><\/td>\n<\/tr>\n<tr>\n<td valign=\"top\"><b>10:00-10:30 a.m.<\/b><\/td>\n<td colspan=\"3\" valign=\"top\">Discussion<\/td>\n<\/tr>\n<tr>\n<td valign=\"top\"><b>10:30 a.m.-12:30 p.m.<\/b><\/td>\n<td colspan=\"3\" valign=\"top\">Coffee Break\/<b>Poster Session 2<\/b><\/td>\n<\/tr>\n<tr>\n<td valign=\"top\"><b>12:30-2:00 p.m.<\/b><\/td>\n<td colspan=\"3\" valign=\"top\">Lunch<\/td>\n<\/tr>\n<tr>\n<td colspan=\"2\" valign=\"top\">\n<p><b>Session 7: Multi-target Directed Ligands<\/b><\/p>\n<p><b>Chair: Claudio Viegas Jr. \u2013 Federal University of Alfenas, Brazil<\/b><\/td>\n<td colspan=\"2\" valign=\"top\">\n<p><b>Session 8: MedChem for Infectious Diseases<\/b><\/p>\n<p><b>Chair: \u00c2ngelo de F\u00e1tima \u2013 Federal University of Minas Gerais, Brazil<\/b><\/td>\n<\/tr>\n<tr>\n<td valign=\"top\"><b>2:00-2:45 p.m.<\/b><\/td>\n<td valign=\"top\"><b>Ana Martinez, Biological Research Center (CIB), Spain<\/b><br \/>\n<a href=\"https:\/\/brazmedchem.org\/2022\/ana-martinez-phd\/\"><b>From the theory to the bench in multitarget drugs for Alzheimer\u2019s disease therapy<\/b><\/a><\/td>\n<td valign=\"top\"><b>2:00-2:45 p.m.<\/b><\/td>\n<td valign=\"top\"><b>Ian Gilbert\u00a0\u00a0\u2013 University of Dundee, Scotland)<\/b><br \/>\n<b><em><a href=\"https:\/\/brazmedchem.org\/2022\/ian-gilbert-phd\/\"><strong>Drug Discovery for Neglected Diseases<\/strong><\/a><\/em><\/b><\/td>\n<\/tr>\n<tr>\n<td valign=\"top\"><b>2:45-3:30 p.m.<\/b><\/td>\n<td valign=\"top\"><b>Holger STARK (Heinrich-Heine- Univ. of Duesseldorf)<\/b><br \/>\n<a href=\"https:\/\/brazmedchem.org\/2022\/holger-stark-phd\/\"><em><b><strong>Histamine H<sub>3<\/sub> Receptor Pharmacophores in Promising Multi-target Directed Ligands<\/strong><\/b><\/em><\/a><\/td>\n<td valign=\"top\"><b>2:45-3:30 p.m.<\/b><\/td>\n<td valign=\"top\"><b>Maria Em\u00edlia Sousa (University of Porto, Portugal)<\/b><br \/>\n<b><a href=\"https:\/\/brazmedchem.org\/2022\/maria-emilia-sousa-phd\/\"><em><strong>Old Sources for New Antimicrobial Drugs: Lessons and Opportunities<\/strong><\/em><\/a><\/b><\/td>\n<\/tr>\n<tr>\n<td valign=\"top\"><b>3:30-3:45 p.m.<\/b><\/td>\n<td valign=\"top\"><a href=\"https:\/\/brazmedchem.org\/2022\/sessions\/#session7\">Flash Presentation: \u201c<b>Heterocyclic multitargeting ligands of cholinesterases, histamine, and dopamine receptor subtypes: promising agents for cognitive dysfunctions\u201d &#8211; <\/b>Jo\u00e3o Paulo S. Fernandes (Federal University of S\u00e3o Paulo, Brazil)<\/a><\/td>\n<td valign=\"top\"><b>3:30-3:45 p.m.<\/b><\/td>\n<td valign=\"top\"><a href=\"https:\/\/brazmedchem.org\/2022\/sessions\/#session8\">Flash Presentation: \u201c<b>Computational Approach for the Rational Development of Inhibitors of NS5 methyltransferase Serotype 2-Dengue\u201d <\/b>&#8211; Natalia D\u00edaz Carpintieri (University of the Republic, Uruguay)<\/a><\/td>\n<\/tr>\n<tr>\n<td valign=\"top\"><b>3:45-4:15 p.m.<\/b><\/td>\n<td valign=\"top\">Coffee Break<\/td>\n<td valign=\"top\"><b>3:45-4:15 p.m.<\/b><\/td>\n<td valign=\"top\">Coffee Break<\/td>\n<\/tr>\n<tr>\n<td colspan=\"2\" valign=\"top\">\n<p><b>Session 9: MedChem for Orphan Diseases<\/b><\/p>\n<p><b>Chair: Fl\u00e1vio Emery \u2013 University of S\u00e3o Paulo \u2013 Ribeir\u00e3o Preto, Brazil<\/b><\/td>\n<td colspan=\"2\" valign=\"top\">\n<p><b>Session 10: MedChem for Cancer<\/b><\/p>\n<p><b>Chair: Maria Em\u00edlia Sousa \u2013 University of Porto, Portugal<\/b><\/td>\n<\/tr>\n<tr>\n<td valign=\"top\"><b>4:15-5:00 p.m.<\/b><\/td>\n<td valign=\"top\"><b>Jean Leandro dos Santos (State University of S\u00e3o Paulo, Brazil)<\/b><br \/>\n<b><a href=\"https:\/\/brazmedchem.org\/2022\/jean-leandro-dos-santos-phd\/#fetal\"><em><strong>Fetal hemoglobin inducers for Sickle Cell Disease<\/strong><\/em><\/a><\/b><\/td>\n<td valign=\"top\"><b>4:15-5:00 p.m.<\/b><\/td>\n<td valign=\"top\"><b>Paulo R. Costa (Federal Univ. of Rio de Janeiro, Brazil)<\/b><br \/>\n<em><strong><a href=\"https:\/\/brazmedchem.org\/2022\/paulo-r-r-costa-ph-d\/\">Modified Isoflavonoids: Design, Synthesis and Antiproliferative Activity<\/a><\/strong><\/em><\/td>\n<\/tr>\n<tr>\n<td valign=\"top\"><b>5:00-5:45 p.m.<\/b><\/td>\n<td valign=\"top\"><b>Angela Russel (University of Oxford, UK)<\/b><br \/>\n<b><span class=\"Apple-converted-space\"><a href=\"https:\/\/brazmedchem.org\/2022\/angela-russel-phd\/\">Development of next generation utrophin modulators for Duchenne muscular dystrophy: learning from clinical setbacks<\/a><\/span><\/b><\/td>\n<td valign=\"top\"><b>5:00-5:45 p.m.<\/b><\/td>\n<td valign=\"top\"><b>Antonello Mai (University of Rome, Italy)<\/b><br \/>\n<a href=\"https:\/\/brazmedchem.org\/2022\/antonello-mai-phd\/\"><b><em><strong>Together is Better: Epigenetic Polypharmacology<\/strong><\/em><\/b><\/a><\/td>\n<\/tr>\n<tr>\n<td valign=\"top\"><b>5:45-6:00 p.m.<\/b><\/td>\n<td valign=\"top\"><a href=\"https:\/\/brazmedchem.org\/2022\/sessions\/#session9\">Flash Presentation: \u201c<b>In Silico Study of the Free Energy of Binding of Kallikrein Inhibitors\u201d &#8211; <\/b>Wemenes J. L. Silva (Federal University of ABC, Brazil)<span class=\"Apple-converted-space\">\u00a0<\/span><\/a><\/td>\n<td valign=\"top\"><b>5:45-6:00 p.m.<\/b><\/td>\n<td valign=\"top\"><a href=\"https:\/\/brazmedchem.org\/2022\/sessions\/#session10\">Flash Presentation: \u201c<b>Development of Dihydrodiazepinones as Inhibitors of the human Vaccinia-related Kinase 2 (VRK2)\u201d &#8211; <\/b>Marcela Campelo R. Silva (State University of Campinas, Brazil)<\/a><\/td>\n<\/tr>\n<tr>\n<td valign=\"top\"><b>6:00-7:00 p.m.<\/b><\/td>\n<td colspan=\"3\" valign=\"top\"><i>Poster Awards and BrazMedChem Awards (Previous Organizers)<\/i><\/td>\n<\/tr>\n<tr>\n<td valign=\"top\"><b>7:00-8:00 p.m.<\/b><\/td>\n<td colspan=\"3\" valign=\"top\"><b>Closing Ceremony<\/b><\/td>\n<\/tr>\n<\/tbody>\n<\/table>\n[\/vc_column_text][\/vc_column][\/vc_row]\n<\/div>","protected":false},"excerpt":{"rendered":"<p>[vc_row][vc_column][vc_column_text]Sunday, 25th September 2022 2:00-6:00 p.m. Conference Registration 9:00-12:00 a.m. Short course: Drug Design &#8211; Jean Leandro dos Santos Inova\u00e7\u00e3o em f\u00e1rmacos no ambiente acad\u00eamico com foco na otimiza\u00e7\u00e3o molecular 6:00-6:30 p.m. Opening Ceremony 12:00-2:00 p.m. Lunch 6:30-7:30 p.m. Opening Conference &#8211; Dr. Michael J. Sofia \u201cThe Discovery of Antivirals to Cure Chronic Viral Hepatitis\u201d&hellip;<\/p>\n","protected":false},"author":1,"featured_media":0,"parent":0,"menu_order":0,"comment_status":"closed","ping_status":"closed","template":"","meta":{"footnotes":""},"class_list":["post-286","page","type-page","status-publish","hentry","entry","no-media"],"_links":{"self":[{"href":"https:\/\/brazmedchem.org\/2022\/wp-json\/wp\/v2\/pages\/286","targetHints":{"allow":["GET"]}}],"collection":[{"href":"https:\/\/brazmedchem.org\/2022\/wp-json\/wp\/v2\/pages"}],"about":[{"href":"https:\/\/brazmedchem.org\/2022\/wp-json\/wp\/v2\/types\/page"}],"author":[{"embeddable":true,"href":"https:\/\/brazmedchem.org\/2022\/wp-json\/wp\/v2\/users\/1"}],"replies":[{"embeddable":true,"href":"https:\/\/brazmedchem.org\/2022\/wp-json\/wp\/v2\/comments?post=286"}],"version-history":[{"count":60,"href":"https:\/\/brazmedchem.org\/2022\/wp-json\/wp\/v2\/pages\/286\/revisions"}],"predecessor-version":[{"id":778,"href":"https:\/\/brazmedchem.org\/2022\/wp-json\/wp\/v2\/pages\/286\/revisions\/778"}],"wp:attachment":[{"href":"https:\/\/brazmedchem.org\/2022\/wp-json\/wp\/v2\/media?parent=286"}],"curies":[{"name":"wp","href":"https:\/\/api.w.org\/{rel}","templated":true}]}}