{"id":501,"date":"2022-05-09T12:35:42","date_gmt":"2022-05-09T15:35:42","guid":{"rendered":"https:\/\/brazmedchem.org\/2022\/?page_id=501"},"modified":"2022-09-08T08:45:04","modified_gmt":"2022-09-08T11:45:04","slug":"olimpiada-de-redacao-do-10th-brazmedchem","status":"publish","type":"page","link":"https:\/\/brazmedchem.org\/2022\/olimpiada-de-redacao-do-10th-brazmedchem\/","title":{"rendered":"Olimp\u00edada de Reda\u00e7\u00e3o do 10th BrazMedChem"},"content":{"rendered":"<div class=\"wpb-content-wrapper\">[vc_row][vc_column][vc_single_image image=&#8221;504&#8243;][\/vc_column][\/vc_row][vc_row][vc_column]<style>.vcex-heading.vcex_69ea34d10fe95{text-transform:capitalize;}<\/style><div class=\"vcex-heading vcex-heading-plain vcex-module wpex-text-2xl wpex-font-normal wpex-text-center vc_custom_1662637400323 vcex_69ea34d10fe95\"><span class=\"vcex-heading-inner wpex-inline-block\">CONFIRA O RESULTADO<\/span><\/div>[vc_single_image image=&#8221;719&#8243;][vc_empty_space][vc_column_text]\n<p style=\"text-align: justify;\">Este ano chegamos ao <i>10<\/i><i><sup>th<\/sup><\/i><i> BrazMedChem <\/i>e nesta Edi\u00e7\u00e3o Comemorativa trazemos atividades para que toda a popula\u00e7\u00e3o conhe\u00e7a um pouco da ci\u00eancia que \u00e9 desenvolvida em nossos centros de pesquisa, como a atividade \u201cCi\u00eancia na Pra\u00e7a\u201d que dentre outras atividades, contar\u00e1 um pouco da hist\u00f3ria do desenvolvimento de um medicamento por meio do teatro!<\/p>\n<p style=\"text-align: justify;\">Fazendo parte desta<i> <\/i>Edi\u00e7\u00e3o, como atividade paralela \u00e0 atividade \u201cCi\u00eancia na Pra\u00e7a\u201d trazemos a<i> <\/i>Olimp\u00edada de Reda\u00e7\u00e3o<i> do 10<\/i><i><sup>th<\/sup><\/i><i> BrazMedChem, que ter\u00e1 como tema <\/i><b><i>\u201cQual a import\u00e2ncia dos medicamentos em nossas vidas?\u201d<\/i><\/b>.<\/p>\n<p style=\"text-align: justify;\">A Olimp\u00edada de Reda\u00e7\u00e3o do 10<sup>th<\/sup> BrazMedChem, \u00e9 destinada aos alunos do Ensino M\u00e9dio da cidade de Po\u00e7os de Caldas e visa estimular a criatividade, o racioc\u00ednio, o desenvolvimento cr\u00edtico e o posicionamento pessoal sobre a contribui\u00e7\u00e3o da ci\u00eancia para a vida em sociedade.<\/p>\n<p style=\"text-align: justify;\">Ser\u00e3o premiadas as 5 (cinco) melhores reda\u00e7\u00f5es inscritas, al\u00e9m das respectivas melhores Escolas e seus professores.<\/p>\n<p style=\"text-align: justify;\">A Olimp\u00edada ser\u00e1 realizada no per\u00edodo de 18 de abril a 19 agosto de 2022.<\/p>\n<p style=\"text-align: justify;\">Maiores informa\u00e7\u00f5es sobre o evento voc\u00ea encontra no <a href=\"https:\/\/brazmedchem.org\/2022\/wp-content\/uploads\/2022\/05\/Edital_Olimpiada-de-Redacao_BrazMedChem.pdf\" target=\"_blank\" rel=\"noopener\">Edital anexo.<\/a><\/p>\n<p style=\"text-align: justify;\">Contato e informa\u00e7\u00f5es adicionais: <a href=\"mailto:olimpiadabrazmedchem2022@gmail.com\">olimpiadabrazmedchem2022@gmail.com<\/a><\/p>\n<p style=\"text-align: justify;\"><i>Venha participar com a sua escola e seus estudantes desse evento importante do 10<\/i><i><sup>th<\/sup><\/i><i> BrazMedChem e nos conte como os medicamentos s\u00e3o importantes em sua vida!<\/i><\/p>\n<p style=\"text-align: justify;\"><i>Aguardamos voc\u00eas!<span class=\"Apple-converted-space\">\u00a0<\/span><\/i><\/p>\n[\/vc_column_text][\/vc_column][\/vc_row]\n<\/div>","protected":false},"excerpt":{"rendered":"<p>[vc_row][vc_column][vc_single_image image=&#8221;504&#8243;][\/vc_column][\/vc_row][vc_row][vc_column][vc_single_image image=&#8221;719&#8243;][vc_empty_space][vc_column_text] Este ano chegamos ao 10th BrazMedChem e nesta Edi\u00e7\u00e3o Comemorativa trazemos atividades para que toda a popula\u00e7\u00e3o conhe\u00e7a um pouco da ci\u00eancia que \u00e9 desenvolvida em nossos centros de pesquisa, como a atividade \u201cCi\u00eancia na Pra\u00e7a\u201d que dentre outras atividades, contar\u00e1 um pouco da hist\u00f3ria do desenvolvimento de um medicamento por meio&hellip;<\/p>\n","protected":false},"author":1,"featured_media":0,"parent":0,"menu_order":0,"comment_status":"closed","ping_status":"closed","template":"","meta":{"footnotes":""},"class_list":["post-501","page","type-page","status-publish","hentry","entry","no-media"],"_links":{"self":[{"href":"https:\/\/brazmedchem.org\/2022\/wp-json\/wp\/v2\/pages\/501","targetHints":{"allow":["GET"]}}],"collection":[{"href":"https:\/\/brazmedchem.org\/2022\/wp-json\/wp\/v2\/pages"}],"about":[{"href":"https:\/\/brazmedchem.org\/2022\/wp-json\/wp\/v2\/types\/page"}],"author":[{"embeddable":true,"href":"https:\/\/brazmedchem.org\/2022\/wp-json\/wp\/v2\/users\/1"}],"replies":[{"embeddable":true,"href":"https:\/\/brazmedchem.org\/2022\/wp-json\/wp\/v2\/comments?post=501"}],"version-history":[{"count":4,"href":"https:\/\/brazmedchem.org\/2022\/wp-json\/wp\/v2\/pages\/501\/revisions"}],"predecessor-version":[{"id":721,"href":"https:\/\/brazmedchem.org\/2022\/wp-json\/wp\/v2\/pages\/501\/revisions\/721"}],"wp:attachment":[{"href":"https:\/\/brazmedchem.org\/2022\/wp-json\/wp\/v2\/media?parent=501"}],"curies":[{"name":"wp","href":"https:\/\/api.w.org\/{rel}","templated":true}]}}