{"id":355,"date":"2022-11-07T18:16:27","date_gmt":"2022-11-07T18:16:27","guid":{"rendered":"https:\/\/brazmedchem.org\/2023\/?page_id=355"},"modified":"2023-12-07T18:33:55","modified_gmt":"2023-12-07T18:33:55","slug":"registration-instructions","status":"publish","type":"page","link":"https:\/\/brazmedchem.org\/2023\/registration-instructions\/","title":{"rendered":"Registration instructions"},"content":{"rendered":"\t\t<div data-elementor-type=\"wp-page\" data-elementor-id=\"355\" class=\"elementor elementor-355\" data-elementor-post-type=\"page\">\n\t\t\t\t\t\t<section class=\"elementor-section elementor-top-section elementor-element elementor-element-392c624 elementor-section-boxed elementor-section-height-default elementor-section-height-default\" data-id=\"392c624\" data-element_type=\"section\" data-e-type=\"section\" data-settings=\"{&quot;jet_parallax_layout_list&quot;:[]}\">\n\t\t\t\t\t\t<div class=\"elementor-container elementor-column-gap-no\">\n\t\t\t\t\t<div class=\"elementor-column elementor-col-100 elementor-top-column elementor-element elementor-element-a6c7bff\" data-id=\"a6c7bff\" data-element_type=\"column\" data-e-type=\"column\">\n\t\t\t<div class=\"elementor-widget-wrap elementor-element-populated\">\n\t\t\t\t\t\t<div class=\"elementor-element elementor-element-29cd022 elementor-tabs-view-horizontal elementor-widget elementor-widget-tabs\" data-id=\"29cd022\" data-element_type=\"widget\" data-e-type=\"widget\" data-widget_type=\"tabs.default\">\n\t\t\t\t<div class=\"elementor-widget-container\">\n\t\t\t\t\t\t\t<div class=\"elementor-tabs\">\n\t\t\t<div class=\"elementor-tabs-wrapper\" role=\"tablist\" >\n\t\t\t\t\t\t\t\t\t<div id=\"elementor-tab-title-4381\" class=\"elementor-tab-title elementor-tab-desktop-title\" aria-selected=\"true\" data-tab=\"1\" role=\"tab\" tabindex=\"0\" aria-controls=\"elementor-tab-content-4381\" aria-expanded=\"false\">For Brazilian attendees (in Portuguese)<\/div>\n\t\t\t\t\t\t\t\t\t<div id=\"elementor-tab-title-4382\" class=\"elementor-tab-title elementor-tab-desktop-title\" aria-selected=\"false\" data-tab=\"2\" role=\"tab\" tabindex=\"-1\" aria-controls=\"elementor-tab-content-4382\" aria-expanded=\"false\">For FOREIGNER attendees<\/div>\n\t\t\t\t\t\t\t<\/div>\n\t\t\t<div class=\"elementor-tabs-content-wrapper\" role=\"tablist\" aria-orientation=\"vertical\">\n\t\t\t\t\t\t\t\t\t<div class=\"elementor-tab-title elementor-tab-mobile-title\" aria-selected=\"true\" data-tab=\"1\" role=\"tab\" tabindex=\"0\" aria-controls=\"elementor-tab-content-4381\" aria-expanded=\"false\">For Brazilian attendees (in Portuguese)<\/div>\n\t\t\t\t\t<div id=\"elementor-tab-content-4381\" class=\"elementor-tab-content elementor-clearfix\" data-tab=\"1\" role=\"tabpanel\" aria-labelledby=\"elementor-tab-title-4381\" tabindex=\"0\" hidden=\"false\"><h6><span style=\"color: var( --e-global-color-text ); font-family: var( --e-global-typography-text-font-family ), Sans-serif; font-size: 14px;\">Os valores s\u00e3o individuais conforme tabela abaixo (n\u00e3o s\u00f3cios e s\u00f3cios da SBQ), de acordo com as datas estabelecidas. Os valores referente a inscri\u00e7\u00e3o incluem:<\/span><\/h6>\n<ul>\n<li>Acesso a todas as palestras do BrazMedChem \u2013 2023<\/li>\n<li>Acesso as palestras do 5\u00ba encontro de jovens pesquisadores em Qu\u00edmica medicinal (vagas limitadas, fa\u00e7a sua pr\u00e9-inscri\u00e7\u00e3o <a href=\"#\">aqui<\/a>)<\/li>\n<li>Coquetel de abertura<\/li>\n<li>Coffee-breaks durante o evento<\/li>\n<li>Acesso as sess\u00f5es de pain\u00e9is do BrazMedChem-2023 e BCNP-2023<\/li>\n<li>3 palestras do BCNP 2023 (*)<\/li>\n<li>Sess\u00e3o de encerramento promovida pelo BCNP<\/li>\n<\/ul>\n<h6><strong>&nbsp;<\/strong><\/h6>\n<h6><strong>Como proceder:<\/strong><\/h6>\n<p>Clicar no bot\u00e3o \u201c<a href=\"#\">First access<\/a>\u201d, logo abaixo do bot\u00e3o \u201cAttendee restricted \u00e1rea\u201d e preencher os dados solicitados e cadastrar uma senha de acesso ao sistema.<\/p>\n<p>Ap\u00f3s receber o e-mail de confirma\u00e7\u00e3o de cadastro, preencher todo o formul\u00e1rio de inscri\u00e7\u00e3o on line. Selecionar a sua categoria inicial: \u201cEstudante de gradua\u00e7\u00e3o\u201d, \u201cEstudante de p\u00f3s-gradua\u00e7\u00e3o\u201d, \u201cp\u00f3s-doc\u201d, \u201cProfessor\/pesquisador\u201d, \u201coutro\u201d.<\/p>\n<p>Dependendo da categoria escolhida, ser\u00e1 necess\u00e1rio anexar um documento comprobat\u00f3rio para assegurar o desconto da categoria selecionada (vide tarifas especiais de pagamento). Aos inscritos que selecionarem a op\u00e7\u00e3o \u201coutros\u201d ou ent\u00e3o \u201cN\u00e3o S\u00f3cios da SBQ\/ABCF\u201d n\u00e3o ser\u00e1 exigido documento comprobat\u00f3rio.<\/p>\n<p>Em seguida, voc\u00ea ser\u00e1 direcionado para a p\u00e1gina que trata do tipo de acomoda\u00e7\u00e3o. Caso voc\u00ea pretenda pagar apenas o valor da inscri\u00e7\u00e3o selecione a op\u00e7\u00e3o \u201csem hospedagem\u201d. Caso voc\u00ea mude de id\u00e9ia posteriormente, \u00e9 poss\u00edvel alterar esta op\u00e7\u00e3o at\u00e9 dia 15 de Junho de 2023.<\/p>\n<p>Se voc\u00ea pretende aproveitar os descontos da inscri\u00e7\u00e3o associada \u00e0 hospedagem, selecione o hotel desejado e indique o tipo de acomoda\u00e7\u00e3o (Single, Duplo ou Triplo ) desejada, de acordo com a sua categoria (\u201coutro\u201d, professor\/pesquisador, p\u00f3s-doc, aluno de p\u00f3s-gradua\u00e7\u00e3o ou aluno de gradua\u00e7\u00e3o).<\/p>\n<p>Ap\u00f3s completar a sua inscri\u00e7\u00e3o on line (e anexar o(s) comprovante(s) necess\u00e1rios \u2013 vide Tarifas especiais de Pagamento), envie um email para a Sra.Elisabete Simabuco ( <a href=\"mailto:reserva@camposdojord%C3%A3oeventos.com.br\">reserva@camposdojord\u00e3oeventos.com.br<\/a>) com o t\u00edtulo BrazMedChem-2023\/\u201dseu nome\u201d para receber maiores detalhes sobre a sua reserva no hotel, observando o tipo de quarto escolhido. No corpo da mensagem voc\u00ea poder informar o nome (e contato) das pessoas que ficar\u00e3o num mesmo quarto. Caso voc\u00ea queira se hospedar em quarto duplo ou triplo e n\u00e3o tenha pessoas para dividir o quarto, solicite aux\u00edlio da Sra. Elisabete.<\/p>\n<p>Tarifas especiais de Pagamento (estudantes de gradua\u00e7\u00e3o, p\u00f3s-gradua\u00e7\u00e3o, p\u00f3s-doc e s\u00f3cios da SBQ\/ABCF:<\/p>\n<p>\u2013 Para assegurar os valores relativos a s\u00f3cios em dia com a anuidade da SBQ\/ABCF, favor enviar no formul\u00e1rio on line o comprovante de anuidade de 2023 quitado. Somente ap\u00f3s verifica\u00e7\u00e3o do comprovante e do pagamento seu resumo ser\u00e1 encaminhado para avalia\u00e7\u00e3o. Caso o pagamento ou verifica\u00e7\u00e3o ocorra ap\u00f3s o dia 31 de Maio de 2023, o resumo n\u00e3o ser\u00e1 considerado para as apresenta\u00e7\u00f5es orais (flash presentation)<\/p>\n<p>\u2013 Para assegurar os valores relativos a estudantes (gradua\u00e7\u00e3o ou p\u00f3s-gradua\u00e7\u00e3o), favor enviar no formul\u00e1rio on line o comprovante de anuidade de 2023 quitado. Somente ap\u00f3s verifica\u00e7\u00e3o do comprovante e do pagamento seu resumo ser\u00e1 encaminhado para avalia\u00e7\u00e3o. Caso o pagamento ou verifica\u00e7\u00e3o ocorra ap\u00f3s o dia 31 de Maio de 2023, o resumo n\u00e3o ser\u00e1 considerado para as apresenta\u00e7\u00f5es orais (flash presentation)<\/p>\n<p>\u2013 Para assegurar os valores relativos a p\u00f3s-docs, favor enviar no formul\u00e1rio on line um comprovante de que est\u00e1 realizando est\u00e1gio p\u00f3s-doutoral ou carta do seu supervisor, em papel timbrado, declarando o status do inscrito no momento da inscri\u00e7\u00e3o, o t\u00edtulo do projeto e sua vig\u00eancia. Somente ap\u00f3s verifica\u00e7\u00e3o do comprovante e do pagamento seu resumo ser\u00e1 encaminhado para avalia\u00e7\u00e3o. Caso o pagamento ou verifica\u00e7\u00e3o ocorra ap\u00f3s o dia 31 de Maio de 2023, o resumo n\u00e3o ser\u00e1 considerado para as apresenta\u00e7\u00f5es orais (flash presentation)<\/p>\n<div title=\"Page 11\">\n<div>\n<div>\n<div>\n<p><strong><em>* Vagas limitadas (50 por palestra) para inscritos por prazo determinado. Apo\u0301s esta&nbsp;data, somente se houver disponibilidade .<\/em><\/strong><\/p>\n<\/div>\n<\/div>\n<\/div>\n<\/div><\/div>\n\t\t\t\t\t\t\t\t\t<div class=\"elementor-tab-title elementor-tab-mobile-title\" aria-selected=\"false\" data-tab=\"2\" role=\"tab\" tabindex=\"-1\" aria-controls=\"elementor-tab-content-4382\" aria-expanded=\"false\">For FOREIGNER attendees<\/div>\n\t\t\t\t\t<div id=\"elementor-tab-content-4382\" class=\"elementor-tab-content elementor-clearfix\" data-tab=\"2\" role=\"tabpanel\" aria-labelledby=\"elementor-tab-title-4382\" tabindex=\"0\" hidden=\"hidden\"><p>How to register and make your hotel reservation for BrazMedChem 2023. The values are per person, according to the table of fees below.<span class=\"Apple-converted-space\">&nbsp;<\/span><\/p>\n<p>Registration includes: Access to all BrazMedChem and BCNP scientific and poster sessions, welcome reception and coffee-breaks at the conference accommodation at your chosen hotel, (buffet) breakfast included.<span class=\"Apple-converted-space\">&nbsp;<\/span><\/p>\n<p>FIRST, you should click on \u201cfirst access button\u201d below \u201cattendee restricted area\u201dand provide the required personal data as well as set your password.<span class=\"Apple-converted-space\">&nbsp;<\/span><\/p>\n<p>After you receive the confirmation e-mail, access your are and fill in your registration form ( You\u2019ll need your passport number) and set your category (undergrad\/ graduate student, posdoc, lecturer\/researcher\/professor, other). Next, select your accommodation type (single\/double \/ triple room). Please note that prices differ according to your category. So undergrad\/ graduate students and posdoc must attach comprobatory documents:<\/p>\n<ul>\n<li>undergrad\/ graduate students \u2013 Declaration from your university with your status (undergrad\/graduate)<\/li>\n<li>posdoc- letter from your supervisor stating your membership to this lab (posdoc, research fellow, etc.) and the title of project you are working on<\/li>\n<\/ul>\n<p>In case you decide to take care of your lodging options (accommodation option: none), please note that discounted hotel fares are only available through Ms. Elisabete Simabuco, at&nbsp;<strong>reserva@camposdojordaoeventos.com.br<\/strong>, and that very few people in Salvador speak English or Spanish.<\/p>\n<p>After completing your on line registration, please send an e-mail to Ms. Elisabete Simabuco, at&nbsp;<strong>reserva@camposdojordaoeventos.com.br<\/strong>, with the following subject \u201cBrazMedChem \u2013 Foreign participant \u2013 \u201cYour name\u201d. In case you already have a roommate, provide his\/her name (and contact) in this e-mail. Otherwise, ask Ms Elisabete to look for someone interested in sharing a room with you. She will reply your message with detailed instructions on your hotel reservation and payment instructions. Any doubts you have regarding the hotel or BrazMedChem 2023, drop her a line!<span class=\"Apple-converted-space\">&nbsp;<\/span><\/p><\/div>\n\t\t\t\t\t\t\t<\/div>\n\t\t<\/div>\n\t\t\t\t\t\t<\/div>\n\t\t\t\t<\/div>\n\t\t\t\t\t<\/div>\n\t\t<\/div>\n\t\t\t\t\t<\/div>\n\t\t<\/section>\n\t\t\t\t<section class=\"elementor-section elementor-top-section elementor-element elementor-element-c7ea5cf elementor-hidden-desktop elementor-hidden-tablet elementor-hidden-mobile elementor-section-boxed elementor-section-height-default elementor-section-height-default\" data-id=\"c7ea5cf\" data-element_type=\"section\" data-e-type=\"section\" data-settings=\"{&quot;jet_parallax_layout_list&quot;:[]}\">\n\t\t\t\t\t\t<div class=\"elementor-container elementor-column-gap-default\">\n\t\t\t\t\t<div class=\"elementor-column elementor-col-33 elementor-top-column elementor-element elementor-element-89d5e29\" data-id=\"89d5e29\" data-element_type=\"column\" data-e-type=\"column\">\n\t\t\t<div class=\"elementor-widget-wrap elementor-element-populated\">\n\t\t\t\t\t\t<div class=\"elementor-element elementor-element-fc0f704 elementor-align-justify elementor-widget elementor-widget-button\" data-id=\"fc0f704\" data-element_type=\"widget\" data-e-type=\"widget\" data-widget_type=\"button.default\">\n\t\t\t\t<div class=\"elementor-widget-container\">\n\t\t\t\t\t\t\t\t\t<div class=\"elementor-button-wrapper\">\n\t\t\t\t\t<a class=\"elementor-button elementor-button-link elementor-size-sm\" href=\"https:\/\/brazmedchem.org\/2023\/wp-content\/uploads\/2023\/06\/BrazMedChem-terceiro-lote.xlsx-Plan1.pdf\" target=\"_blank\">\n\t\t\t\t\t\t<span class=\"elementor-button-content-wrapper\">\n\t\t\t\t\t\t\t\t\t<span class=\"elementor-button-text\">REGISTRATION VALUES<\/span>\n\t\t\t\t\t<\/span>\n\t\t\t\t\t<\/a>\n\t\t\t\t<\/div>\n\t\t\t\t\t\t\t\t<\/div>\n\t\t\t\t<\/div>\n\t\t\t\t\t<\/div>\n\t\t<\/div>\n\t\t\t\t<div class=\"elementor-column elementor-col-33 elementor-top-column elementor-element elementor-element-8d9f135\" data-id=\"8d9f135\" data-element_type=\"column\" data-e-type=\"column\">\n\t\t\t<div class=\"elementor-widget-wrap elementor-element-populated\">\n\t\t\t\t\t\t<div class=\"elementor-element elementor-element-c35254b elementor-align-justify elementor-widget elementor-widget-button\" data-id=\"c35254b\" data-element_type=\"widget\" data-e-type=\"widget\" data-widget_type=\"button.default\">\n\t\t\t\t<div class=\"elementor-widget-container\">\n\t\t\t\t\t\t\t\t\t<div class=\"elementor-button-wrapper\">\n\t\t\t\t\t<a class=\"elementor-button elementor-button-link elementor-size-sm\" href=\"https:\/\/brazmedchem.org\/2023\/registration\/registration.php\" target=\"_blank\">\n\t\t\t\t\t\t<span class=\"elementor-button-content-wrapper\">\n\t\t\t\t\t\t<span class=\"elementor-button-icon\">\n\t\t\t\t<svg aria-hidden=\"true\" class=\"e-font-icon-svg e-far-user\" viewBox=\"0 0 448 512\" xmlns=\"http:\/\/www.w3.org\/2000\/svg\"><path d=\"M313.6 304c-28.7 0-42.5 16-89.6 16-47.1 0-60.8-16-89.6-16C60.2 304 0 364.2 0 438.4V464c0 26.5 21.5 48 48 48h352c26.5 0 48-21.5 48-48v-25.6c0-74.2-60.2-134.4-134.4-134.4zM400 464H48v-25.6c0-47.6 38.8-86.4 86.4-86.4 14.6 0 38.3 16 89.6 16 51.7 0 74.9-16 89.6-16 47.6 0 86.4 38.8 86.4 86.4V464zM224 288c79.5 0 144-64.5 144-144S303.5 0 224 0 80 64.5 80 144s64.5 144 144 144zm0-240c52.9 0 96 43.1 96 96s-43.1 96-96 96-96-43.1-96-96 43.1-96 96-96z\"><\/path><\/svg>\t\t\t<\/span>\n\t\t\t\t\t\t\t\t\t<span class=\"elementor-button-text\">FIRST ACESS<\/span>\n\t\t\t\t\t<\/span>\n\t\t\t\t\t<\/a>\n\t\t\t\t<\/div>\n\t\t\t\t\t\t\t\t<\/div>\n\t\t\t\t<\/div>\n\t\t\t\t\t<\/div>\n\t\t<\/div>\n\t\t\t\t<div class=\"elementor-column elementor-col-33 elementor-top-column elementor-element elementor-element-5a04a93\" data-id=\"5a04a93\" data-element_type=\"column\" data-e-type=\"column\">\n\t\t\t<div class=\"elementor-widget-wrap elementor-element-populated\">\n\t\t\t\t\t\t<div class=\"elementor-element elementor-element-651b66b elementor-align-justify elementor-widget elementor-widget-button\" data-id=\"651b66b\" data-element_type=\"widget\" data-e-type=\"widget\" data-widget_type=\"button.default\">\n\t\t\t\t<div class=\"elementor-widget-container\">\n\t\t\t\t\t\t\t\t\t<div class=\"elementor-button-wrapper\">\n\t\t\t\t\t<a class=\"elementor-button elementor-button-link elementor-size-sm\" href=\"https:\/\/brazmedchem.org\/2023\/registration\/login.php\" target=\"_blank\">\n\t\t\t\t\t\t<span class=\"elementor-button-content-wrapper\">\n\t\t\t\t\t\t<span class=\"elementor-button-icon\">\n\t\t\t\t<svg aria-hidden=\"true\" class=\"e-font-icon-svg e-fas-lock\" viewBox=\"0 0 448 512\" xmlns=\"http:\/\/www.w3.org\/2000\/svg\"><path d=\"M400 224h-24v-72C376 68.2 307.8 0 224 0S72 68.2 72 152v72H48c-26.5 0-48 21.5-48 48v192c0 26.5 21.5 48 48 48h352c26.5 0 48-21.5 48-48V272c0-26.5-21.5-48-48-48zm-104 0H152v-72c0-39.7 32.3-72 72-72s72 32.3 72 72v72z\"><\/path><\/svg>\t\t\t<\/span>\n\t\t\t\t\t\t\t\t\t<span class=\"elementor-button-text\">Attendee restricted area<\/span>\n\t\t\t\t\t<\/span>\n\t\t\t\t\t<\/a>\n\t\t\t\t<\/div>\n\t\t\t\t\t\t\t\t<\/div>\n\t\t\t\t<\/div>\n\t\t\t\t\t<\/div>\n\t\t<\/div>\n\t\t\t\t\t<\/div>\n\t\t<\/section>\n\t\t\t\t<section class=\"elementor-section elementor-top-section elementor-element elementor-element-a444fd5 elementor-section-boxed elementor-section-height-default elementor-section-height-default\" data-id=\"a444fd5\" data-element_type=\"section\" data-e-type=\"section\" data-settings=\"{&quot;background_background&quot;:&quot;classic&quot;,&quot;jet_parallax_layout_list&quot;:[]}\">\n\t\t\t\t\t\t<div class=\"elementor-container elementor-column-gap-default\">\n\t\t\t\t\t<div class=\"elementor-column elementor-col-50 elementor-top-column elementor-element elementor-element-4070b08\" data-id=\"4070b08\" data-element_type=\"column\" data-e-type=\"column\">\n\t\t\t<div class=\"elementor-widget-wrap elementor-element-populated\">\n\t\t\t\t\t\t<div class=\"elementor-element elementor-element-f743d50 elementor-widget elementor-widget-text-editor\" data-id=\"f743d50\" data-element_type=\"widget\" data-e-type=\"widget\" data-widget_type=\"text-editor.default\">\n\t\t\t\t<div class=\"elementor-widget-container\">\n\t\t\t\t\t\t\t\t\t<h4><strong>Formas de pagamento<\/strong><\/h4><p>Dep\u00f3sito banc\u00e1rio ou pix. podendo ser parcelado come\u00e7ando a pagar em 10\/12 \/2022 at\u00e9 10\/09\/2023. A Sra Elisabete vai entrar em contato para enviar a sua reserva e seu parcelamento.<\/p><p>Enviar o comprovante do pagamento para: reserva@camposdojord\u00e3oeventos.com.br<\/p><p>** Caso seja necess\u00e1rio parcelar o valor a ser pago, favor contatar a Sra Elisabete Simabuco reserva@camposdojord\u00e3oeventos.com.br<\/p>\t\t\t\t\t\t\t\t<\/div>\n\t\t\t\t<\/div>\n\t\t\t\t\t<\/div>\n\t\t<\/div>\n\t\t\t\t<div class=\"elementor-column elementor-col-50 elementor-top-column elementor-element elementor-element-33ae7b3\" data-id=\"33ae7b3\" data-element_type=\"column\" data-e-type=\"column\">\n\t\t\t<div class=\"elementor-widget-wrap elementor-element-populated\">\n\t\t\t\t\t\t<div class=\"elementor-element elementor-element-bde259d elementor-widget elementor-widget-text-editor\" data-id=\"bde259d\" data-element_type=\"widget\" data-e-type=\"widget\" data-widget_type=\"text-editor.default\">\n\t\t\t\t<div class=\"elementor-widget-container\">\n\t\t\t\t\t\t\t\t\t<h4><strong>Payment<\/strong><\/h4><p>Mrs Elisabete will send you detailed information on payment options as soons as you complete your registration.<\/p>\t\t\t\t\t\t\t\t<\/div>\n\t\t\t\t<\/div>\n\t\t\t\t\t<\/div>\n\t\t<\/div>\n\t\t\t\t\t<\/div>\n\t\t<\/section>\n\t\t\t\t<\/div>\n\t\t","protected":false},"excerpt":{"rendered":"<p>For Brazilian attendees (in Portuguese) For FOREIGNER attendees For Brazilian attendees (in Portuguese) Os valores s\u00e3o individuais conforme tabela abaixo (n\u00e3o s\u00f3cios e s\u00f3cios da SBQ), de acordo com as datas estabelecidas. Os valores referente a inscri\u00e7\u00e3o incluem: Acesso a todas as palestras do BrazMedChem \u2013 2023 Acesso as palestras do 5\u00ba encontro de jovens [&hellip;]<\/p>\n","protected":false},"author":1,"featured_media":0,"parent":0,"menu_order":0,"comment_status":"closed","ping_status":"closed","template":"","meta":{"footnotes":""},"class_list":["post-355","page","type-page","status-publish","hentry"],"_links":{"self":[{"href":"https:\/\/brazmedchem.org\/2023\/wp-json\/wp\/v2\/pages\/355","targetHints":{"allow":["GET"]}}],"collection":[{"href":"https:\/\/brazmedchem.org\/2023\/wp-json\/wp\/v2\/pages"}],"about":[{"href":"https:\/\/brazmedchem.org\/2023\/wp-json\/wp\/v2\/types\/page"}],"author":[{"embeddable":true,"href":"https:\/\/brazmedchem.org\/2023\/wp-json\/wp\/v2\/users\/1"}],"replies":[{"embeddable":true,"href":"https:\/\/brazmedchem.org\/2023\/wp-json\/wp\/v2\/comments?post=355"}],"version-history":[{"count":6,"href":"https:\/\/brazmedchem.org\/2023\/wp-json\/wp\/v2\/pages\/355\/revisions"}],"predecessor-version":[{"id":2283,"href":"https:\/\/brazmedchem.org\/2023\/wp-json\/wp\/v2\/pages\/355\/revisions\/2283"}],"wp:attachment":[{"href":"https:\/\/brazmedchem.org\/2023\/wp-json\/wp\/v2\/media?parent=355"}],"curies":[{"name":"wp","href":"https:\/\/api.w.org\/{rel}","templated":true}]}}